n factor of i and p?
3
Let b = 59 + -50. Suppose 0 = b*s - 3*s - 114. Calculate the greatest common factor of 133 and s.
19
Suppose 15*l - 5*l - 7*l = 0. Suppose 0 = -4*b + c + 240, b + 3*b + 3*c - 240 = l. Calculate the greatest common factor of 40 and b.
20
Let n be (-18)/(9/3)*-3. Let m(z) = -z**3 + 5*z**2 + 5*z. Let v be m(4). Calculate the highest common factor of n and v.
18
Suppose -4*r - 22*w + 679 = -17*w, 4*r + w = 683. What is the highest common factor of 95 and r?
19
Let f be ((-6)/4)/(7/(7 + -203)). Calculate the greatest common factor of f and 840.
42
Suppose 275*a - 270*a = 1870. Calculate the highest common factor of a and 88.
22
Suppose 5*m + v - 27 - 1 = 0, 5*v + 22 = 2*m. Calculate the highest common divisor of 2 and m.
2
Let y = -872 - -936. Calculate the highest common divisor of y and 176.
16
Suppose -5*t = 10, t - 302 = -5*x + 866. What is the greatest common divisor of x and 126?
18
Let b(j) = j**3 + 9*j**2 + 5*j - 11. Let w be (4/9*-6)/((-3)/(-9)). Let s be b(w). What is the highest common divisor of 91 and s?
13
Suppose -4*o + 992 = -112. Calculate the highest common divisor of 24 and o.
12
Let i(c) = c**2 - c - 7. Let j = -22 + 27. Let x be (3/(-3))/((-1)/j). Let o be i(x). What is the greatest common factor of 117 and o?
13
Let a be (90/(-8))/(8/(-32)). Let b = a - 33. Calculate the greatest common divisor of b and 108.
12
Suppose 3*d + 472 = 11*d. Calculate the greatest common divisor of 1 and d.
1
Let s = 48 + 64. What is the greatest common divisor of 7 and s?
7
Let s be 23/7 - (-2)/(-7). Suppose -s*x - 7 = -43. Let k be (-1058)/(-8) - 10/40. Calculate the highest common factor of k and x.
12
Let o be -47*(-2 - -1)*2. Suppose 5*i - 347 = -2*l - 65, -4 = -4*l. Let p = o - i. Calculate the highest common divisor of p and 19.
19
Suppose -10 = -5*h + 5. Let p = -4 - -13. Calculate the greatest common factor of p and h.
3
Let f = 235 - -65. What is the greatest common factor of 50 and f?
50
Let l(b) = -18*b + 116. Let a be l(6). Calculate the highest common factor of a and 52.
4
Let x be 539/10 - (54/(-60))/9. What is the greatest common factor of x and 126?
18
Let x(q) = q**3 + 14*q**2 + 28*q - 40. Let w be x(-11). What is the greatest common factor of w and 885?
15
Let w = -608 - -656. What is the greatest common divisor of 48 and w?
48
Suppose 0 = 5*s - 41 - 14. Let p = 17 - s. Suppose -69 = -r + p. What is the highest common divisor of r and 15?
15
Suppose 5*q + 4*p - 9445 + 513 = 0, -q + 1792 = -2*p. Let j = q + -1277. Let k = j + -301. What is the greatest common divisor of 30 and k?
30
Let q = 5 + 131. Suppose -11*l - 13*l + 816 = 0. What is the greatest common factor of q and l?
34
Let v(a) = -9*a**3 + 3*a**2 + 9*a + 8. Let b be v(-2). What is the highest common divisor of b and 2?
2
Let d be (-405)/75*10/(-2) - 7. What is the highest common factor of 240 and d?
20
Suppose 2*l - 2 = -4*h - 0, 5*h - 5 = -5*l. Suppose h = -2*a - 6, -c + 3*a - a = -11. Suppose 160 = c*z - 0*z. Calculate the highest common factor of 80 and z.
16
Let h be 6 - ((-3990)/(-7))/(-5). Let s be 3 + 1 + 0 + -1. Suppose 0 = 6*x - s*x - h. Calculate the greatest common factor of x and 4.
4
Let y(m) = 27*m**3 - 2*m**2 - m + 2. Let v be 92/12 - 2/3. Let u = -6 + v. Let q be y(u). What is the greatest common factor of q and 130?
26
Suppose -175 = -7*w + 2*w. Let r be w/(-7)*(-1)/1. Let o(l) = l - 3. Let i be o(r). What is the greatest common divisor of i and 5?
1
Suppose 3*l = 48 + 882. Let m = l - 205. Let i = 1154 - 1139. Calculate the greatest common factor of i and m.
15
Suppose -9*k - 4*z + 428 = -8*k, k = -z + 440. Calculate the greatest common divisor of 36 and k.
12
Suppose 4*b + 0*b = 0. Let t be 2/(-1*4 + 2). Let u be t/((-3 + b)/15). What is the greatest common factor of 35 and u?
5
Suppose 4*y + l - 74 = 3*l, 0 = -y - 4*l + 14. What is the greatest common factor of y and 18?
18
Suppose 2*j = -2*n + 34, -4*n - 60 = -4*j - 8. Let o(b) = 6*b**2 + b + 3. Let c be o(3). What is the highest common divisor of c and j?
15
Let t(a) = -28*a**2 + 113*a. Let y be t(4). Calculate the highest common divisor of y and 83.
1
Let m be 4 + 1*(-1 + -1). Suppose -m*t + 11 = -t. Suppose -2*p - 2*s + 1 = -t, 0 = -3*p - s + 8. Calculate the greatest common divisor of 4 and p.
1
Suppose -32*s - 1936 = -43*s. Calculate the highest common divisor of s and 66.
22
Let r = 1648 - 1076. What is the highest common factor of r and 220?
44
Let h be (-10 - -19) + (-1 - 3). Let y(c) = -c + 6. Let t(j) = -j**2 - 7*j - 5. Let b be t(-5). Let o be y(b). Calculate the highest common factor of h and o.
1
Let g(n) = -3*n**2 + 41*n - 1. Let i be g(13). What is the highest common divisor of 575 and i?
25
Let v = -2 - -10. Suppose -v*w + 11*w = 495. What is the greatest common divisor of 15 and w?
15
Let k(x) = -3*x**2 + 22*x + 1. Let y be k(7). Suppose -2*w + 2 = 5*c + 1, -4*c - 52 = -5*w. What is the greatest common factor of w and y?
8
Let j = 9 - -10. Let m = 21 - j. Suppose d + m*y = 13, 4*d + y - 62 = -17. What is the highest common divisor of 66 and d?
11
Let i(c) = -c - 10. Let y be i(-12). Suppose 0 = 2*h + 2*u + 10, -y*u = -h + 3 - 23. Let w be 12/h*(-300)/18. What is the greatest common factor of w and 100?
20
Let c = -5 + 20. Suppose -2*o = -5*n + c, 3*o + n + 2*n = 30. Suppose -25 = -o*p + 110. Calculate the greatest common divisor of 18 and p.
9
Let z(w) = -w**3 - 4*w**2 - w + 6. Let i be z(-6). Calculate the greatest common divisor of i and 126.
42
Suppose 0 = -4*y - 2*z + 16, 0 = -4*z - z. Let j be y + -7 - (20 - -1). Let g = j + 45. What is the highest common factor of g and 14?
7
Let u(p) = -p**3 - 2*p + 58. Let w be u(0). What is the greatest common divisor of w and 319?
29
Let k = 3 - 1. Suppose 77 + 30 = k*s + 3*x, -3*s + 2*x = -128. Let b = -33 + s. What is the highest common factor of b and 91?
13
Let y(n) = 20 - n - 24 - 14 - 5*n. Let r be y(-4). Calculate the highest common factor of 30 and r.
6
Let s be (-8)/((-7)/7) - (0 + 3). Let x(y) = 5*y**2 - y + 7. Let g be x(-3). Calculate the highest common divisor of s and g.
5
Let f(t) = -3*t + 10. Let n(q) = -q - 26. Let y be n(-19). Let g be f(y). Calculate the highest common divisor of 31 and g.
31
Let z be -3 - (-7)/(35/150). Let h = 30 - z. Suppose u = -2*v + 8, -2*v + h*u = -2*u - 8. Calculate the greatest common factor of v and 2.
2
Suppose 33*k - 1692 = 123. What is the highest common factor of k and 33?
11
Let w be (-74)/(-4) + 2/(-4). Let c be (2 + -1)/((-1)/104). Let y = -59 - c. What is the highest common factor of y and w?
9
Suppose 4*j - 13*j - 567 = 0. Let o be 14/j + 164/9. What is the highest common factor of o and 108?
18
Let v = 130 - 85. Suppose 5*z - 95 = -5*n, -19 - 58 = -4*n - 5*z. Calculate the highest common divisor of n and v.
9
Let z = 1052 - 940. What is the greatest common factor of 98 and z?
14
Suppose 4*m - 56 - 46 = 5*l, 2*l + 5*m + 21 = 0. Let f(y) = -y**3 - 17*y**2 + 16*y + 19. Let v be f(l). Calculate the highest common factor of v and 22.
11
Suppose -17*x - 95 = -22*x. Suppose 0 = i - 17 - x. What is the greatest common factor of 54 and i?
18
Let n(m) = -m**3 - 8*m**2 - 7*m - 14. Let l be n(-8). Calculate the greatest common factor of l and 56.
14
Let u(s) = -7*s + 8. Let h be u(-17). Suppose l + t - 109 = 0, 4*l - 565 = -2*t - h. What is the greatest common divisor of 44 and l?
22
Let d = 53 - 63. Let u = d + 59. What is the highest common divisor of 343 and u?
49
Let i(w) = -w**3 - 5*w**2 - 6. Let o be i(-5). Let l(u) = -u**2 - 8*u - 7. Let d be l(o). What is the highest common divisor of 20 and d?
5
Let d be 38 - 0*(-3)/15. Calculate the highest common factor of 38 and d.
38
Suppose 255 = -2*t - 15*t. Let z = t - -111. Calculate the highest common divisor of 240 and z.
48
Let p = -898 - -974. Calculate the greatest common factor of 4 and p.
4
Suppose 67961 = 63*k + 25940. Calculate the highest common divisor of 46 and k.
23
Let p(w) = w**3 - 7*w**2 + 8*w - 15. Let a be p(6). Let q be a*5/15*-18. What is the highest common divisor of 126 and q?
18
Suppose 67*s - 86*s = -323. What is the greatest common divisor of s and 1734?
17
Let o(l) = -l - 11. Let i be o(-9). Let c be (6 - 3)/((-3)/i). Suppose 0 = 2*h + v - 115, -c*v - 40 = -h + v. What is the highest common di